 11
4
What is 11 (base 3) in base 9?
4
-21 (base 11) to base 3
-212
What is -8 (base 9) in base 15?
-8
Convert 11110000 (base 2) to base 4.
3300
-15 (base 11) to base 2
-10000
-2 (base 11) to base 10
-2
What is 4 (base 6) in base 14?
4
0 (base 12) to base 2
0
Convert 0 (base 16) to base 13.
0
-24 (base 15) to base 7
-46
1010 (base 2) to base 12
a
438 (base 9) to base 5
2414
What is 33 (base 5) in base 9?
20
Convert 42 (base 13) to base 14.
3c
Convert 12100 (base 3) to base 14.
a4
11200 (base 3) to base 16
7e
100010 (base 2) to base 10
34
-3 (base 5) to base 9
-3
Convert -21 (base 10) to base 16.
-15
What is -79 (base 12) in base 2?
-1011101
Convert 1 (base 15) to base 11.
1
Convert -251 (base 6) to base 12.
-87
What is 21 (base 8) in base 16?
11
What is 1 (base 5) in base 15?
1
2 (base 14) to base 4
2
What is -2 (base 7) in base 3?
-2
-1a1 (base 13) to base 11
-253
What is -20 (base 10) in base 14?
-16
What is 66 (base 12) in base 9?
86
Convert 424 (base 5) to base 12.
96
5 (base 13) to base 12
5
What is -237 (base 13) in base 9?
-466
What is -10 (base 3) in base 15?
-3
102 (base 4) to base 9
20
What is 1 (base 7) in base 12?
1
What is 10 (base 2) in base 10?
2
15 (base 15) to base 13
17
11 (base 5) to base 7
6
Convert -3 (base 11) to base 14.
-3
What is 11111 (base 2) in base 3?
1011
-110 (base 2) to base 12
-6
What is -1 (base 12) in base 16?
-1
-3 (base 10) to base 6
-3
What is -10 (base 5) in base 6?
-5
What is -10 (base 13) in base 9?
-14
Convert -107 (base 9) to base 8.
-130
Convert -4 (base 9) to base 10.
-4
Convert -2a (base 12) to base 3.
-1021
What is -2 (base 5) in base 11?
-2
-16 (base 9) to base 14
-11
-11110 (base 2) to base 12
-26
510 (base 6) to base 15
c6
Convert -1a (base 14) to base 15.
-19
What is 102212 (base 3) in base 13?
1b8
What is 43 (base 5) in base 8?
27
What is 24 (base 6) in base 10?
16
Convert -113 (base 4) to base 7.
-32
What is -5 (base 10) in base 4?
-11
3 (base 11) to base 16
3
What is 2120 (base 3) in base 15?
49
Convert -212 (base 4) to base 16.
-26
Convert -24 (base 8) to base 3.
-202
110 (base 3) to base 7
15
113 (base 4) to base 11
21
-31 (base 10) to base 4
-133
What is -c7 (base 14) in base 3?
-20111
-3 (base 14) to base 13
-3
15 (base 8) to base 14
d
-10 (base 5) to base 10
-5
Convert 2 (base 8) to base 7.
2
Convert 2 (base 4) to base 10.
2
What is 33 (base 8) in base 7?
36
Convert -b (base 14) to base 4.
-23
0 (base 14) to base 4
0
Convert 3 (base 14) to base 11.
3
-23 (base 5) to base 15
-d
Convert 101 (base 2) to base 8.
5
What is -9 (base 15) in base 12?
-9
Convert 0 (base 11) to base 7.
0
What is 13 (base 4) in base 5?
12
-12 (base 7) to base 4
-21
What is 1110 (base 2) in base 15?
e
Convert 130 (base 7) to base 14.
50
7 (base 8) to base 12
7
Convert 221 (base 3) to base 9.
27
14 (base 8) to base 5
22
6 (base 10) to base 7
6
Convert 64 (base 7) to base 13.
37
What is -20 (base 11) in base 12?
-1a
0 (base 2) to base 7
0
0 (base 8) to base 11
0
What is -3 (base 13) in base 8?
-3
Convert -43 (base 8) to base 15.
-25
What is 18 (base 11) in base 3?
201
-1 (base 10) to base 12
-1
Convert -1 (base 7) to base 15.
-1
Convert -2 (base 9) to base 3.
-2
-5b (base 12) to base 4
-1013
Convert -10 (base 6) to base 3.
-20
-4 (base 8) to base 3
-11
-3 (base 9) to base 2
-11
Convert 7 (base 16) to base 5.
12
What is -20 (base 3) in base 13?
-6
0 (base 9) to base 3
0
What is 1c (base 13) in base 12?
21
Convert -47 (base 14) to base 2.
-111111
-11111110 (base 2) to base 10
-254
What is 2a (base 16) in base 8?
52
What is -1 (base 11) in base 13?
-1
Convert -48 (base 16) to base 9.
-80
What is -4 (base 13) in base 14?
-4
What is 11 (base 14) in base 11?
14
What is 1 (base 8) in base 15?
1
-18 (base 14) to base 16
-16
What is -12 (base 7) in base 14?
-9
Convert -10101 (base 2) to base 10.
-21
-12d (base 16) to base 11
-254
-1 (base 16) to base 6
-1
-4 (base 13) to base 16
-4
1 (base 12) to base 2
1
Convert -6 (base 10) to base 5.
-11
Convert 5 (base 9) to base 2.
101
Convert -20 (base 8) to base 9.
-17
What is 1 (base 12) in base 7?
1
4c (base 15) to base 4
1020
-1 (base 12) to base 4
-1
a (base 15) to base 2
1010
1 (base 3) to base 6
1
Convert -1 (base 16) to base 10.
-1
What is 114 (base 6) in base 14?
34
Convert 155 (base 10) to base 9.
182
What is 111 (base 2) in base 14?
7
9 (base 10) to base 2
1001
What is 4 (base 7) in base 4?
10
What is 1044 (base 5) in base 6?
405
Convert 1 (base 15) to base 4.
1
What is 4 (base 5) in base 4?
10
What is 1002 (base 3) in base 11?
27
Convert 1 (base 15) to base 6.
1
Convert 10b (base 15) to base 5.
1421
Convert 12 (base 6) to base 7.
11
Convert -332 (base 6) to base 11.
-107
What is 0 (base 3) in base 16?
0
What is -461 (base 8) in base 16?
-131
Convert -3 (base 15) to base 12.
-3
Convert -40 (base 8) to base 7.
-44
Convert -16 (base 11) to base 13.
-14
Convert -7 (base 13) to base 12.
-7
What is -1224 (base 5) in base 11?
-162
What is 527 (base 8) in base 3?
110201
-37 (base 16) to base 9
-61
What is 2 (base 11) in base 14?
2
-2 (base 15) to base 14
-2
Convert 33 (base 8) to base 13.
21
Convert 113 (base 7) to base 15.
3e
2130 (base 4) to base 9
183
Convert 30 (base 12) to base 13.
2a
-14 (base 7) to base 15
-b
Convert -7 (base 8) to base 12.
-7
Convert -18 (base 13) to base 9.
-23
What is 4 (base 9) in base 14?
4
Convert 2 (base 6) to base 3.
2
9 (base 16) to base 11
9
What is -4 (base 6) in base 8?
-4
What is 18 (base 9) in base 10?
17
Convert 0 (base 8) to base 5.
0
-10 (base 5) to base 8
-5
4 (base 9) to base 5
4
What is -2 (base 4) in base 9?
-2
What is 1 (base 6) in base 16?
1
What is -4 (base 16) in base 10?
-4
a (base 15) to base 12
a
What is -10 (base 7) in base 13?
-7
252 (base 7) to base 12
b3
What is -5 (base 11) in base 4?
-11
-2 (base 4) to base 13
-2
50 (base 11) to base 3
2001
Convert 1 (base 4) to base 9.
1
1 (base 5) to base 4
1
-10022 (base 3) to base 6
-225
-212 (base 3) to base 10
-23
Convert -3 (base 6) to base 4.
-3
Convert 10100 (base 2) to base 9.
22
What is -312 (base 5) in base 11?
-75
3 (base 10) to base 2
11
What is 60 (base 7) in base 11?
39
Convert 32 (base 7) to base 11.
21
15 (base 7) to base 11
11
What is 9 (base 12) in base 6?
13
What is -44 (base 5) in base 13?
-1b
Convert -1 (base 15) to base 11.
-1
What is 10210 (base 3) in base 11?
93
What is 1 (base 3) in base 15?
1
Convert -14 (base 7) to base 6.
-15
-111 (base 2) to base 15
-7
10 (base 7) to base 10
7
Convert -7 (base 14) to base 13.
-7
What is 100 (base 9) in base 16?
51
Convert -101 (base 7) to base 16.
-32
-1a (base 15) to base 9
-27
-a (base 13) to base 2
-1010
Convert 3 (base 6) to base 13.
3
Convert -21 (base 6) to base 4.
-31
-16 (base 7) to base 14
-d
What is -3 (base 14) in base 9?
-3
Convert -4 (base 9) to base 3.
-11
What is 63 (base 16) in base 8?
143
88 (base 12) to base 8
150
What is -2 (base 10) in base 5?
-2
-2 (base 12) to base 9
-2
Convert -1 (base 4) to base 13.
-1
What is 8 (base 15) in base 12?
8
Convert -2e (base 15) to base 6.
-112
1 (base 16) to base 8
1
What is 34 (base 7) in base 6?
41
Convert 4 (base 6) to base 10.
4
-21 (base 14) to base 15
-1e
-4 (base 11) to base 4
-10
Convert -1 (base 9) to base 3.
-1
Convert -214 (base 8) to base 3.
-12012
What is 4 (base 11) in base 8?
4
Convert -5 (base 11) to base 8.
-5
-343 (base 9) to base 16
-11a
Convert 9 (base 11) to base 3.
100
Convert -9 (base 15) to base 5.
-14
Convert -37 (base 9) to base 11.
-31
-3 (base 13) to base 3
-10
Convert 121 (base 3) to base 4.
100
8 (base 13) to base 7
11
207 (base 9) to base 6
441
What is -6a (base 15) in base 3?
-10201
-5 (base 9) to base 16
-5
What is -1 (base 4) in base 7?
-1
Convert 22221 (base 3) to base 6.
1041
-c (base 15) to base 8
-14
What is -62 (base 7) in base 2?
-101100
5 (base 16) to base 8
5
What is 1 (base 6) in base 14?
1
What is 121 (base 8) in base 2?
1010001
-5 (base 9) to base 12
-5
Convert -10 (base 2) to base 11.
-2
0 (base 3) to base 9
0
Convert -24 (base 7) to base 11.
-17
Convert -21 (base 8) to base 16.
-11
-d0 (base 14) to base 2
-10110110
Convert 28 (base 13) to base 14.
26
What is 5 (base 13) in base 11?
5
Convert -111 (base 5) to base 11.
-29
4 (base 16) to base 7
4
Convert -69 (base 10) to base 8.
-105
What is 14 (base 13) in base 5?
32
What is